 -7333 - 2652?
-9985
In base 4, what is 132223211022 - -10?
132223211032
In base 14, what is -513dcd + 97?
-513d36
In base 15, what is 555e01a - 1?
555e019
In base 14, what is 14d + -196?
-47
In base 5, what is -22441242 + 33140?
-22403102
In base 11, what is 8aa47 + 195?
90131
In base 11, what is 1 - -31591a07?
31591a08
In base 15, what is 4ea37 - 24?
4ea13
In base 10, what is 128 + -2854359?
-2854231
In base 13, what is -4 + 2ac297?
2ac293
In base 7, what is -160 + 23034546?
23034356
In base 10, what is -97 - -165113?
165016
In base 10, what is 31967 - -15?
31982
In base 4, what is 201 - 2012002021?
-2012001220
In base 15, what is 3d + -d3e0e?
-d3dc1
In base 13, what is 44766 + -a37?
43a2c
In base 13, what is -954 - -6a?
-8b7
In base 11, what is 25aa27 + -54?
25a983
In base 13, what is -362 + -9?
-36b
In base 11, what is 14964127 + -6?
14964121
In base 7, what is -52106136 + -5?
-52106144
In base 11, what is 1770074 + 9?
1770082
In base 8, what is 4356602575 - 2?
4356602573
In base 7, what is -30 + -2661043?
-2661103
In base 11, what is 4 - 34133a8?
-34133a4
In base 6, what is -11125141 + 114?
-11125023
In base 15, what is 4b009 - 34a?
4abae
In base 13, what is -353 + 1127b9?
112466
In base 8, what is -704 + 220073?
217167
In base 14, what is aa71 - -2d7c?
da0d
In base 11, what is 29093983 - 5?
29093979
In base 13, what is c9a + 26902?
2789c
In base 6, what is -11521 + -133223?
-145144
In base 9, what is 210 - 132815?
-132605
In base 13, what is 0 + 58646b?
58646b
In base 9, what is 71 - 2121825?
-2121744
In base 9, what is -183125 - 1208?
-184334
In base 12, what is 4 + -4a31b49?
-4a31b45
In base 6, what is -301 - -3440303?
3440002
In base 11, what is 3 + 355?
358
In base 10, what is -19 - -15544039?
15544020
In base 5, what is 13240 + 2123?
20413
In base 4, what is -111123201221 - 102?
-111123201323
In base 13, what is -17c8737a + 2?
-17c87378
In base 9, what is -34 - -523815?
523771
In base 15, what is -369d23 - 0?
-369d23
In base 15, what is -4 - -4e4cdd?
4e4cd9
In base 12, what is -6b941 + 265?
-6b698
In base 14, what is 35784 + 402?
35b86
In base 5, what is -4342120 - -114?
-4342001
In base 15, what is -9e064a + 13?
-9e0637
In base 2, what is 110111000000110101010 + -101?
110111000000110100101
In base 14, what is 8d2632b + -5?
8d26326
In base 15, what is d47 - 1ea27?
-1dbd0
In base 6, what is -5045531545 + -5?
-5045531554
In base 6, what is 3342 - -115145?
122531
In base 4, what is 33002100302002 - -10?
33002100302012
In base 15, what is -115e6c + -1?
-115e6d
In base 7, what is 14363 - -21203?
35566
In base 10, what is -56 - 4774725?
-4774781
In base 13, what is 70571171 + 2?
70571173
In base 7, what is -5 + -36604122?
-36604130
In base 16, what is -109aa + 5347?
-b663
In base 5, what is -2210 + -101431?
-104141
In base 3, what is 10101201201002221 + -12?
10101201201002202
In base 11, what is 310725716 + 3?
310725719
In base 11, what is 18a90a + -42?
18a878
In base 4, what is -10301 + -232132330?
-232203231
In base 16, what is adb + 39e?
e79
In base 4, what is -201022231120 + -11?
-201022231131
In base 16, what is 44 + -192ed1?
-192e8d
In base 2, what is 11011110010000 + 100111010101?
100000101100101
In base 7, what is 1244626562 - 1?
1244626561
In base 14, what is 5361c1ad - 4?
5361c1a9
In base 9, what is 43 + -266803?
-266750
In base 15, what is 0 - -1dd92c5?
1dd92c5
In base 11, what is 30 - 1455481?
-1455451
In base 3, what is 111200 - 100002210211?
-100002022011
In base 15, what is -b - -107?
eb
In base 5, what is 1113400 + -33243?
1030102
In base 5, what is -302331321141 + 0?
-302331321141
In base 8, what is 14503 + -100?
14403
In base 15, what is 33cab2 + 2?
33cab4
In base 11, what is -922129 - 133?
-922261
In base 11, what is -159664 - 64?
-159718
In base 13, what is 119a - -5b782?
5c94c
In base 7, what is -16124 - 65351?
-114505
In base 12, what is 122 - -25518?
2563a
In base 4, what is 1032100131323 + 0?
1032100131323
In base 9, what is 22 - 56247424?
-56247402
In base 5, what is -43234203 + 4142?
-43230011
In base 15, what is 6354 - -7e1?
6b45
In base 2, what is 110111010000010000101001 - -1100?
110111010000010000110101
In base 14, what is 3 - -1d402c?
1d4031
In base 5, what is 3 + 10320412444?
10320413002
In base 2, what is -101101011 - 100110001101001?
-100110111010100
In base 13, what is 220992 - 37?
220958
In base 5, what is -2 - 1102242300?
-1102242302
In base 11, what is 4 + 6920524?
6920528
In base 5, what is 1141 + 14041220?
14042411
In base 3, what is 1010002212 + -112112?
1002120100
In base 9, what is -5 - 1183517?
-1183523
In base 2, what is 10000110010011110011 + -10100?
10000110010011011111
In base 2, what is -11000000101011111 + -1011100111000?
-11001100010010111
In base 12, what is -75 - 81a65?
-81b1a
In base 16, what is c1cc3 - 0?
c1cc3
In base 2, what is 10001001011001100110100011 + 101?
10001001011001100110101000
In base 15, what is 29eda - -157?
2a142
In base 8, what is -3 + -2106502573?
-2106502576
In base 16, what is -1b2 + fcba?
fb08
In base 2, what is -10 + -111100110010110100101?
-111100110010110100111
In base 5, what is 124 + 440122040?
440122214
In base 2, what is -100000010100110011010000 + 11?
-100000010100110011001101
In base 13, what is 60 - 858c3?
-85863
In base 16, what is 2402b16 - -9?
2402b1f
In base 3, what is 11121122 - -1210020?
20101212
In base 16, what is -12e + 154af?
15381
In base 4, what is 22202 - -1023201331?
1023230133
In base 12, what is -792b30 - 1?
-792b31
In base 13, what is -64 - -246c3?
2465c
In base 3, what is -12112110102 + -220?
-12112111022
In base 14, what is 5c0 - 335a?
-2b7a
In base 15, what is -3aa0 + 6d9?
-33b6
In base 5, what is -13 + 114440213014?
114440213001
In base 11, what is 11 - 67325901?
-673258a0
In base 10, what is -2613862 - -4?
-2613858
In base 16, what is 11 - 309af70?
-309af5f
In base 13, what is 2260 - 521?
1a3c
In base 16, what is -5 + 1a3d51?
1a3d4c
In base 9, what is 1740145 - -7?
1740153
In base 3, what is -2 + -21200021200120111?
-21200021200120120
In base 2, what is 10011010011 - 11011100111001010?
-11011010011110111
In base 11, what is -2706029 - -3a?
-2705a9a
In base 6, what is -12420 + 14505?
2045
In base 3, what is 111002212 - -102111?
111112100
In base 2, what is -100 - 11001110110010101000011?
-11001110110010101000111
In base 3, what is -101 - 10110000200212?
-10110000201020
In base 8, what is -5 + -52536137?
-52536144
In base 16, what is -788570 + 4?
-78856c
In base 15, what is -2c60c + -3c4e?
-3135b
In base 12, what is -21b76b24 - 4?
-21b76b28
In base 10, what is 8815 - 10197?
-1382
In base 5, what is -1124 + -121124?
-122303
In base 4, what is -103001210133021 - 3?
-103001210133030
In base 8, what is 30775 - 523?
30252
In base 16, what is 3748 + 1b30?
5278
In base 15, what is 5 - -191b536?
191b53b
In base 3, what is 12101201212 - -20122?
12101222111
In base 13, what is 59 + 3358?
33b4
In base 16, what is 91b2b3 + -4?
91b2af
In base 16, what is 7ee - -829?
1017
In base 16, what is 9d - -21604?
216a1
In base 11, what is 4 - 4093465?
-4093461
In base 10, what is -125 + -733033?
-733158
In base 16, what is -f26f - 1a?
-f289
In base 3, what is 10011022 - -22212101?
110000200
In base 5, what is 10420302201402 + 2?
10420302201404
In base 16, what is 49 - -3a08e0?
3a0929
In base 9, what is -3 + -86328611?
-86328614
In base 2, what is -1101110110 - 1000110101100100?
-1001000011011010
In base 2, what is -11000011001011 + -1100100101011?
-100100111110110
In base 10, what is -94661375 + -5?
-94661380
In base 15, what is -4b13b + 4?
-4b137
In base 13, what is 19931 + -84?
1987a
In base 15, what is -6 - 29533?
-29539
In base 4, what is -110102 + -1101020120?
-1101130222
In base 2, what is -101110 - 10000000000000111001?
-10000000000001100111
In base 5, what is -2000040110 - 1?
-2000040111
In base 13, what is -44 - 1c368a?
-1c3701
In base 5, what is -2300200 + 300043?
-2000102
In base 2, what is -101110 + 1111100001000100101011?
1111100001000011111101
In base 6, what is 0 - -1550402034?
1550402034
In base 7, what is 154131625 - -5?
154131633
In base 3, what is -2012 + 110121001120?
110120222101
In base 15, what is 2d + -3381?
-3353
In base 2, what is -100000001100000110 - 101000111?
-100000010001001101
In base 14, what is 15077952 - -2?
15077954
